. Calculate the highest common factor of 25 and d.
25
Let k(d) = -d + 17. Let y be k(16). Let o be -4 - (-85 + y)/4. Calculate the greatest common factor of o and 17.
17
Suppose -6*t = t - 1134. What is the highest common divisor of 18 and t?
18
Let i be 68 - (1 - (-2 - -5)). Suppose 5*j + 0*j = i. Calculate the highest common divisor of 2 and j.
2
Let p be (-1265)/46*(-8)/10. What is the greatest common factor of 33 and p?
11
Let g = 4 - -22. What is the highest common factor of 39 and g?
13
Let i = 169 - 125. What is the highest common factor of 11 and i?
11
Let h(v) = -7*v + 13. Let q = 6 - 12. Let b be h(q). Calculate the greatest common factor of b and 5.
5
Let v(z) = -z**2 - 7*z - 4. Let t be v(-3). Let w(i) = i**3 - 9*i**2 - 10*i + 2. Let b be w(10). Calculate the highest common factor of b and t.
2
Suppose -8*l - 43 = -155. Calculate the highest common factor of l and 154.
14
Let g(d) = -3*d + 3. Let h be g(2). Let b be 1/h + (-10)/(-3). Let s = -9 - -10. Calculate the greatest common factor of b and s.
1
Let q = -55 + 70. What is the greatest common divisor of q and 60?
15
Suppose 42 = 4*r - 118. What is the highest common divisor of r and 8?
8
Suppose 0 = 3*w, -t - 2*t = -w - 21. Let z be ((-36)/14)/((-1)/t). Calculate the greatest common factor of z and 45.
9
Let p = -30 - -44. Let d = p + -10. Calculate the greatest common divisor of 12 and d.
4
Suppose 3*w + 3 = -v - w, 0 = -2*v - w + 29. What is the highest common divisor of v and 17?
17
Suppose 4*s - 815 = -31. What is the highest common divisor of s and 49?
49
Let u be 2*(-2 + 1 + -1). Let n be ((-6)/u)/((-3)/(-4)). Let t = -10 - -16. What is the highest common factor of n and t?
2
Suppose -r + 4 = -2. Suppose 4*n + 56 = 4*c, -4*n - r = -n. Calculate the highest common factor of c and 12.
12
Suppose 2*u = -4*h + 70, -u + 2 = -3*u. What is the greatest common divisor of 45 and h?
9
Let t(d) = 2*d**2 + 4*d - 20. Let x be t(5). Calculate the highest common divisor of 30 and x.
10
Suppose -2*p = 0, 3*k - p = -0*p + 36. Suppose 3*o - 10*o = -336. What is the greatest common factor of k and o?
12
Let a be ((-1)/(-2))/((-1)/(-12)). Let o = a + -2. Suppose o*b - 2*q - 64 = -0*b, 2*b - 4*q = 20. What is the highest common divisor of b and 90?
18
Let n be (-1 + -14)/((-2)/18). Let z(g) = -g + 6. Let m be z(6). Let x be (m - -15)/(-1 + 2). What is the highest common divisor of n and x?
15
Let y(j) = j**3 - 10*j**2 + 24*j - 7. Let d be y(7). Let a = -88 + 200. Calculate the highest common divisor of d and a.
14
Let l = -56 + 176. Calculate the greatest common divisor of 15 and l.
15
Let d(a) = 2*a - 12. Let l be d(8). What is the greatest common factor of l and 32?
4
Let y = -1 + 1. Suppose 40 = 4*u - g, y*u - 5*g = u - 31. What is the greatest common divisor of 22 and u?
11
Suppose -72 = -2*h + 2*z, -h + 3*z + 141 = 3*h. What is the greatest common factor of h and 77?
11
Let d(b) = b**2 - 11*b + 10. Let j be d(11). Suppose -25 = -3*i - j. Calculate the highest common factor of 20 and i.
5
Let p(q) = -q**3 - 5*q**2 + 3*q - 6. Let v be (-3 - 1)/(2/3). Let y be p(v). What is the greatest common factor of 24 and y?
12
Let a be (-48)/9 + (-6)/9. Let z(l) = -2*l - 7. Let i be z(a). Calculate the highest common factor of 15 and i.
5
Let x = 4 + -3. Let l be (-1 - 0)*(x - -1). Let t = l - -6. What is the highest common divisor of 2 and t?
2
Suppose 9 - 22 = -z + 4*t, -2*z + 2*t = 4. Let k(r) = 3*r**2 + 5*r + 8. Let g be k(z). Calculate the greatest common divisor of g and 15.
15
Suppose -3*o + 30 = 3*y - y, 2*y - 26 = -2*o. What is the highest common divisor of y and 3?
3
Let t = 102 - 21. What is the greatest common factor of t and 9?
9
Let h(b) = b**3 - 5*b**2 - 4. Let j be h(6). Calculate the greatest common divisor of 160 and j.
32
Suppose -4*y + 47 + 89 = 0. Let d = -16 + y. Suppose -3*x + 225 = 2*x. Calculate the highest common divisor of d and x.
9
Let o(j) = -j**3 - 3*j**2 - 4*j. Let w = 3 - 6. Let m be o(w). What is the highest common divisor of m and 48?
12
Let x = 69 - 23. Let d = x + -24. Calculate the highest common divisor of 55 and d.
11
Let n = -184 - -294. Let f = 12 - 2. Calculate the highest common factor of f and n.
10
Let r = 119 + -79. Calculate the greatest common factor of 10 and r.
10
Let u(t) be the first derivative of t**4/4 + t**3 + t**2/2 + t + 8. Let y be u(-2). What is the greatest common divisor of y and 21?
3
Let a = -27 - -43. Let i be 10/6*(4 + -1). Suppose -5 = -5*o + i. Calculate the greatest common divisor of o and a.
2
Suppose -569 = -5*v + 61. Suppose -14 = 115*f - 116*f. What is the greatest common divisor of v and f?
14
Let c be -1*(1 - (2 - 0)). Let i be (15*c)/((-24)/(-176)). What is the greatest common divisor of i and 10?
10
Suppose 0 = 4*n - 3*n - 63. Calculate the highest common factor of n and 9.
9
Let k = 45 + -27. Suppose 0*c = -2*c + k. Calculate the greatest common factor of c and 9.
9
Suppose 2*v + 2*f = -v, 2*v - 4*f - 16 = 0. Suppose -v*r - 286 = -4*r. Calculate the highest common factor of r and 13.
13
Let t be 76/10 - (-18)/(-30). Suppose t = y - 2. Calculate the highest common divisor of y and 72.
9
Suppose -z = -8 - 5. What is the greatest common factor of z and 104?
13
Suppose -4*r = -3*r - 7. What is the highest common factor of 63 and r?
7
Let u(p) = 6*p - 6. Let w be u(5). Suppose -4*i - 3*v = -w, -2*i + 0*v = v - 12. Calculate the greatest common divisor of 3 and i.
3
Let t be ((-8)/(-2))/(4/26). Calculate the highest common factor of 130 and t.
26
Let x(m) = -m**3 - 9*m**2 - 6*m - 10. Let o be x(-10). Suppose -o - 180 = -3*i. What is the greatest common factor of i and 11?
11
Let z(b) be the second derivative of b**4/12 - 4*b**3/3 - 3*b**2/2 - 2*b. Let s be z(9). What is the highest common factor of s and 15?
3
Let k be (-4)/(1/((-6)/(-3))). Let u be (-4)/(-6)*(-60)/k. Suppose 9 = -u*a + c + 67, -3*a = -3*c - 42. Calculate the highest common factor of 11 and a.
11
Let z = -36 - -53. Let b(o) = o**2 + 4*o + 5. Let p be b(-6). What is the greatest common divisor of z and p?
17
Let o = -8 - -7. Let t be 34/(-6) - o/(-3). Let l be t*(8/3)/(-2). What is the greatest common factor of 20 and l?
4
Suppose 5 = 3*d - 5*l - 11, -8 = -3*d + l. Let j(y) = 7 + d*y + 3*y - 6*y. Let i be j(-8). What is the greatest common factor of 105 and i?
15
Suppose -6*m = -673 + 43. Calculate the highest common divisor of 21 and m.
21
Suppose -10*q + 5*q + 50 = 0. Let k be 722/6 + 3/(-9). Suppose 0*p + k = 4*p. Calculate the highest common divisor of p and q.
10
Let p(v) = -v**2 + 5*v - 2. Let h be p(4). Suppose h*u + 3*u = 10. Let c be u/(-7) - (-298)/14. What is the greatest common factor of 21 and c?
21
Let o(i) = -2*i - 10. Let u be 7*(2 - 3) - 3. Let m be o(u). Calculate the highest common divisor of 2 and m.
2
Let o(g) = 7*g**2 - 11*g - 5. Let z(j) = j**2 - j. Let q(k) = -o(k) + 6*z(k). Let s be q(4). Calculate the greatest common divisor of s and 6.
3
Let y be 6/(-10) - (-846)/10. Let t = y + -43. Suppose -3*d - 95 = -5*o, -2*o + t = -o - 5*d. What is the highest common divisor of 176 and o?
16
Let q be (-1*(-24)/(-9))/((-6)/45). Let c be 5/((1 + 0)/1). What is the greatest common factor of c and q?
5
Let m(g) = -g**3 + 6*g**2 + g + 4. Let u be m(6). Let o be -24 + 29 - 65/(-1). Calculate the greatest common divisor of o and u.
10
Let i(a) = 5*a**3 - 2*a**2. Let t be i(3). Calculate the greatest common factor of t and 13.
13
Let f be ((-2)/4)/((-1)/(0 + 26)). Calculate the greatest common factor of f and 52.
13
Suppose -19 = -2*q - q + 5*x, -5*x + 5 = 0. Let k = q + 69. Let v be (-1)/5 + k/35. Calculate the highest common factor of 22 and v.
2
Let h be (-1298)/(-8) - 3/12. Let p = h + -90. Calculate the highest common factor of p and 8.
8
Suppose 2*i = 4*p + 12, -4*i + 2*p = -0*i - 36. Calculate the highest common factor of i and 4.
2
Let o = -4 - -26. Calculate the highest common factor of o and 110.
22
Let n = -3 + 4. Let k be (-4)/6 - 8/(-12) - -1. Calculate the highest common divisor of n and k.
1
Suppose 135 = 5*v + 5*s, 153 = 5*v - 4*s + 3*s. Calculate the highest common factor of 45 and v.
15
Let f be 15/(0 - 12/(-28)). Let x = -2 - -9. What is the greatest common divisor of f and x?
7
Suppose o = 2*z - 49, -3*z + 5*o - 11 = -88. Suppose -1